**2 - 71*j + 8. Give l(3).
2
Let w(c) = -410*c - 20502. Calculate w(-50).
-2
Let t(r) = -3*r**3 - 12*r**2 - 14. What is t(-4)?
-14
Let t(z) = z**2 + 30*z - 162. Determine t(5).
13
Let m(q) = -q**3 + 28*q**2 - 96*q + 2. Calculate m(24).
2
Let q(b) = -45*b - 3973. What is q(-88)?
-13
Let z(j) = -2*j**3 - 14*j**2 - 21*j + 111. Calculate z(-7).
258
Let d(j) = 1971*j + 17732. What is d(-9)?
-7
Let o(n) = 6*n**2 - 4*n + 3. Calculate o(1).
5
Let q(f) = f**3 - 6*f**2 + 19*f - 63. What is q(5)?
7
Let z(x) = 205*x + 1441. Give z(-7).
6
Let a(p) = -p**2 + 27*p + 75. Calculate a(30).
-15
Let b(m) = 2*m**2 - 83*m + 849. What is b(21)?
-12
Let p(x) = x**3 - 15*x**2 + 18*x - 28. Calculate p(9).
-352
Let n(h) = -h**3 + 44*h**2 + 36*h + 147. Give n(45).
-258
Let b(p) = 66*p + 535. What is b(-8)?
7
Let h(n) = -n**3 + 63*n**2 - 67*n + 386. Calculate h(62).
76
Let k(o) = 102*o - 7960. Give k(78).
-4
Let w(g) = 4671*g + 32703. Calculate w(-7).
6
Let d(s) = 286*s**2 + 366*s + 75. Calculate d(-1).
-5
Let x(f) = 3*f**2 + 11*f - 1784. Calculate x(22).
-90
Let k(u) = -130*u**2 - 1696*u - 91. Determine k(-13).
-13
Let v(m) = 85*m - 2229. What is v(26)?
-19
Let c(o) = 24*o + 68. Calculate c(-3).
-4
Let k(b) = -b**3 + 154*b**2 - 158*b + 769. Determine k(153).
4
Let h(n) = -n**2 + 31*n - 217. Determine h(11).
3
Let r(l) = 15*l**2 + 58*l - 9. Calculate r(-4).
-1
Let w(m) = 12*m + 87. Determine w(53).
723
Let b(r) = -r**3 + 77*r**2 + 67*r + 910. Determine b(78).
52
Let g(x) = 336*x + 12443. Determine g(-37).
11
Let v(h) = h**3 + 65*h**2 - 361*h - 773. What is v(-70)?
-3
Let r(c) = 189*c + 36. Calculate r(1).
225
Let c(l) = l**3 - 2*l**2 - 7*l - 19. Calculate c(6).
83
Let i(l) = -l**3 - 8*l**2 + 44*l - 41. What is i(3)?
-8
Let y(q) = q**2 + 194*q - 1150. Calculate y(6).
50
Let z(g) = -3*g**2 - 13*g + 53. Calculate z(-8).
-35
Let o(x) = -310*x + 3721. Calculate o(12).
1
Let s(l) = -l**2 + 4747*l + 18978. Give s(-4).
-26
Let b(s) = 131*s - 1424. Calculate b(13).
279
Let z(b) = 26*b**2 - 19*b - 1. Give z(2).
65
Let i(g) = -426*g + 7673. Determine i(18).
5
Let z(c) = -14655*c - 73280. Calculate z(-5).
-5
Let h(p) = -4*p - 66. What is h(-6)?
-42
Let v(b) = 13*b**2 - 13*b - 9. Calculate v(3).
69
Let x(v) = v**3 + 294*v**2 - 811*v + 23749. What is x(-297)?
-11
Let f(b) = -8*b - 113. What is f(-13)?
-9
Let j(c) = 13*c + 132. What is j(-4)?
80
Let c(m) = -4*m**2 - 132*m + 157. Determine c(-33).
157
Let k(l) = -l**3 - 7*l**2 + 117*l - 137. What is k(7)?
-4
Let n(d) = 14*d**3 + 26*d**2 - 5*d - 13. What is n(-2)?
-11
Let y(g) = g**3 - 34*g**2 - 216*g - 103. Calculate y(-5).
2
Let y(k) = 239*k + 996. Give y(-4).
40
Let i(w) = 874*w - 1745. Calculate i(2).
3
Let m(r) = 138*r - 544. What is m(4)?
8
Let u(x) = -x**2 - 48*x - 332. Give u(-15).
163
Let a(m) = 2*m**2 - 81*m + 120. What is a(39)?
3
Let s(i) = 490*i - 491. Determine s(1).
-1
Let j(v) = -2070*v - 65. Give j(0).
-65
Let o(k) = k**3 - 36*k**2 + 72*k + 11. Give o(34).
147
Let c(d) = d**2 - 1155*d - 11648. What is c(-10)?
2
Let v(x) = 15*x**2 - 14*x + 3. Calculate v(5).
308
Let i(x) = -29*x + 2163. What is i(74)?
17
Let z(t) = -t**3 - 2*t**2 + 21*t - 18. Calculate z(3).
0
Let o(t) = -t**2 + 45*t - 70. Calculate o(46).
-116
Let h(s) = -s**3 + 59*s**2 + 253*s - 48. Determine h(63).
15
Let f(w) = 4*w - 6. Give f(25).
94
Let a(s) = 47*s**2 - 7*s + 3. What is a(1)?
43
Let y(d) = -d**3 + 103*d**2 + 86*d + 1787. What is y(104)?
-85
Let y(b) = -b**3 - 4*b**2 + 8*b + 44. What is y(-3)?
11
Let z(m) = m**3 + 45*m**2 - 48*m - 148. What is z(-46)?
-56
Let n(v) = -2*v**3 - 34*v**2 - 40*v + 50. Calculate n(-15).
-250
Let u(a) = 2*a**3 - 33*a**2 - 9*a + 162. Give u(16).
-238
Let j(p) = 3*p**3 + 38*p**2 + 22*p + 9. Calculate j(-12).
33
Let x(n) = -n**2 - 26*n - 152. Give x(-24).
-104
Let z(s) = 80*s + 250. What is z(-5)?
-150
Let m(c) = c**2 + 4*c - 82. What is m(7)?
-5
Let z(x) = 7*x**2 - 63*x + 125. What is z(2)?
27
Let s(b) = 550*b + 2204. Determine s(-4).
4
Let p(k) = -k**3 + 28*k**2 - 103*k + 496. What is p(24)?
328
Let y(g) = 489*g + 3397. Determine y(-7).
-26
Let b(q) = q**3 - 16*q**2 + 65*q - 11. Give b(7).
3
Let m(b) = -8*b**2 + 4*b + 8. Give m(3).
-52
Let m(v) = 2*v**3 + 132*v**2 + 5*v + 377. What is m(-66)?
47
Let m(v) = -2*v**3 + 49*v**2 + 26*v - 1. Calculate m(25).
24
Let k(j) = -j**2 + 310*j + 7648. What is k(333)?
-11
Let s(j) = j**2 + 20*j - 129. What is s(-24)?
-33
Let u(n) = -32*n**2 - 177*n + 736. Determine u(4).
-484
Let y(z) = 5*z**2 - 493*z + 290. Calculate y(98).
-4
Let t(u) = 6278*u + 56540. Determine t(-9).
38
Let h(q) = 2*q**3 + 24*q**2 + 41*q + 199. What is h(-11)?
-10
Let j(m) = m**3 - 18*m**2 - 86*m - 140. What is j(22)?
-96
Let z(l) = -l**3 - 27*l**2 - 105*l - 2878. Calculate z(-27).
-43
Let z(f) = 60*f**2 + 971*f + 12. Give z(-16).
-164
Let h(k) = 5724*k + 91583. What is h(-16)?
-1
Let d(p) = -p**3 + 18*p**2 - 69*p + 21. Determine d(13).
-31
Let l(s) = 2*s**2 - 64*s + 33. Calculate l(32).
33
Let r(z) = -z**2 + 32*z - 24. Determine r(29).
63
Let h(b) = -7*b**3 + 4*b**2 - 3*b - 2. What is h(1)?
-8
Let r(o) = -o**3 - 49*o**2 - 321*o + 289. Calculate r(-41).
2
Let a(x) = -2*x**3 + 38*x**2 - 17*x - 32. What is a(19)?
-355
Let v(n) = 77*n**2 - 1618*n + 9. Give v(21).
-12
Let g(n) = -51*n - 301. Give g(-4).
-97
Let w(u) = 4*u**3 - 12*u**2 + 3*u - 1. What is w(3)?
8
Let z(a) = -a**3 + 17*a**2 + 3*a - 45. What is z(17)?
6
Let r(a) = a**3 + 11*a**2 + 2*a + 140. Determine r(-12).
-28
Let h(p) = -111*p + 786. Determine h(7).
9
Let y(i) = 516*i - 4123. What is y(8)?
5
Let n(q) = -260*q + 19251. Give n(74).
11
Let g(c) = 1975*c + 5945. Calculate g(-3).
20
Let r(a) = 3*a**2 - 18*a + 53. What is r(3)?
26
Let z(q) = -857*q + 4285. What is z(5)?
0
Let q(g) = g**2 + 66*g + 568. Determine q(-56).
8
Let i(l) = l**2 + 351*l - 8604. Give i(23).
-2
Let m(q) = -4*q**3 + 41*q - 36. Determine m(0).
-36
Let z(b) = -12*b + 15. Calculate z(-2).
39
Let h(q) = 195*q + 3716. Determine h(-19).
11
Let r(y) = 25*y**3 + 3*y**2 - 9*y + 5. What is r(1)?
24
Let i(s) = 21*s**3 + 189*s**2 - 5*s - 45. Calculate i(-9).
0
Let t(x) = -10*x**2 + 97*x - 5. Determine t(11).
-148
Let z(y) = -14*y + 1727. Determine z(132).
-121
Let a(p) = 2*p**2 + 156*p - 163. Determine a(-79).
-5
Let i(a) = -5*a**3 + 47*a**2 - 182*a - 3. Give i(4).
-299
Let i(v) = 89*v + 20. Determine i(5).
465
Let m(o) = -o**3 + 64*o**2 + 90*o - 1633. What is m(65)?
-8
Let i(q) = -2*q**3 - 166*q**2 + 2*q + 318. Calculate i(-83).
152
Let s(m) = -70*m - 3647. Give s(-53).
63
Let u(s) = -5*s**2 + 664*s + 662. Calculate u(-1).
-7
Let q(x) = 2167*x - 4329. Calculate q(2).
5
Let l(v) = 147*v + 1025. Determine l(-8).
-151
Let u(j) = 82*j - 14063. Determine u(171).
-41
Let g(x) = -x**2 - 93*x + 285. Give g(3).
-3
Let u(h) = -3*h**3 - 53*h**2 - 81*h - 19. What is u(-16)?
-3
Let g(k) = 35*k**2 - 187*k + 56. Calculate g(5).
-4
Let g(q) = -11*q**2 - 4*q - 44. Give g(-4).
-204
Let n(s) = 571*s**2 - 1695*s + 5. Determine n(3).
59
Let g(h) = 58*h**3 + h**2. What is g(1)?
59
Let x(i) = -29*i - 555. Give x(-19).
-4
Let l(f) = f**3 - 9*f**2 - 11*f - 42. Calculate l(10).
-52
Let r(v) = -2*v - 129. Calculate r(41).
-211
Let n(x) = -x**3 + 6*x**2 - 73*x + 1154. Determine n(10).
24
Let f(r) = 141*r**2 + 204*r. What is f(-2)?
156
Let j(v) = v**2 - v - 433. Give j(21).
-13
Let p(h) = 28*h**2 + 113*h - 24. What is p(-4)?
-28
Let k(g) = -2*g**3 - 10*g**2 - 36*g - 143. What is k(-5)?
37
Let p(y) = -144*y**2 - 1015*y - 15. Give p(-7).
34
Let n(z) = -2149*z - 4313. Determine n(-2).
-15
Let q(y) = -9*y - 15. Calculate q(17).
-168
Let w(f) = f**3 + 14*f**2 - 47*f + 328. What is w(-18)?
-122
Let n(m) = -m**3 + 10*m**2 + 14*m - 23. Determine n(12).
-143
Let h(b) = b**2 - 86*b - 236. Give h(-3).
31
Let g(x) = -x**2 - 2*x + 677. Calculate g(25).
2
Let a(r) = -r**2 + 62*r + 1163. What is a(77)?
8
Let b(j) = -21*j - 70. Determine b(-2).
-28
Let j(b) = -17*b**2 - 828*b + 242. Determine j(-49).
-3
Let x(q) = -q**3 - 23*q**2 - 60*q + 6. Give x(-20).
6
Let m(p) = p**3 + 172*p**2 + 5*p + 1086. Calculate m(-172).
226
Let q(v) = -v**3 + 3*v**2 + 46*v + 493. Calculate q(-8).
829
Let q(w) = -2*w**3 + 94*w**2 - 213*w + 1517. Give q(45).
32
Let j(f) = -85*f - 4256. Give j(-47).
-261
Let z(t) = -t**3 - 6*t**2 + 56*t + 352. What is z(-7)?
9
Let r